{"id":5152,"date":"2021-04-15T03:30:55","date_gmt":"2021-04-15T03:30:55","guid":{"rendered":"https:\/\/ltusaperu.com\/?post_type=product&#038;p=5152"},"modified":"2023-08-14T21:23:22","modified_gmt":"2023-08-14T21:23:22","slug":"gabinete-de-piso-32ru-1-50mtrs60cm80cm","status":"publish","type":"product","link":"https:\/\/putinza.com\/web2\/product\/gabinete-de-piso-32ru-1-50mtrs60cm80cm\/","title":{"rendered":"Gabinete de Piso 32RU 1.50mtrs*60cm*80cm"},"content":{"rendered":"<h4>CARACTER\u00cdSTICAS T\u00c9CNICAS:<\/h4>\n<p>&#8211; Marca: LT USA<br \/>\n&#8211; Estructura: Acero laminado al fr\u00edo, 2.00mm de espesor.<br \/>\n&#8211; Acabado: Pintura de polvo electrost\u00e1tica en color negro, con procesamiento sellado desoxidante y fosfatizado al horno.<br \/>\n&#8211; Acceso en la parte superior e inferior para el ingreso de cables.<br \/>\n&#8211; Perforaci\u00f3n superior para la instalaci\u00f3n del kit de ventilaci\u00f3n.<br \/>\n&#8211; Puerta frontal: Centro de vidrio de 6.00mm. de espesor m\u00e1s chapa tipo palanca<br \/>\n&#8211; Puerta posterior:\u00a0 Doble puerta\u00a0 micro-perforado + chapa especial tipo palanca.<br \/>\n&#8211; Puerta Lateral: desmontables.<\/p>\n<h4>DIMENSIONES:<\/h4>\n<ul>\n<li>Gabinete negro de piso 32RU<\/li>\n<li>Puerta delantera vidrio y doble puerta trasera microperforada<\/li>\n<li>Alto: 1.50 mts<\/li>\n<li>Ancho: 60 cm<\/li>\n<li>Prof: 80 cm<\/li>\n<li>Peso: 80.65 kg<\/li>\n<li>Cap de carga: 1000 kg<\/li>\n<\/ul>\n<h4>INCLUYE:<\/h4>\n<ul>\n<li>1 Juego de 4 rieles de 19&#8243; deslizables con perforaci\u00f3n circular de 2.00 mm.<\/li>\n<li>1 Juego de 4 Garruchas para su desplazamiento (2 con freno).<\/li>\n<li>1 Juego de 4 patas niveladoras.<\/li>\n<\/ul>\n<h4>REGULACIONES Y NORMAS:<\/h4>\n<ul>\n<li>CE \/ ISO 9001\/ ISO 14001 \/ ISO 45001<\/li>\n<li><span class=\"JsGRdQ\">Cumple con la norma <\/span><span class=\"JsGRdQ\">ANSI \/ EIA RS- 310 &#8211; D <\/span><span class=\"JsGRdQ\">, IEC297 -2, DIN41494 ; PARTE1 , DIN41494 ; PART7, GB\/T3047.2-92, est\u00e1ndar ETSI.<\/span><\/li>\n<\/ul>\n<p><img decoding=\"async\" class=\"alignnone size-medium wp-image-5982\" src=\"https:\/\/ltusaperu.com\/wp-content\/uploads\/2021\/04\/450012018-300x150.jpg\" alt=\"\" width=\"300\" height=\"150\" srcset=\"https:\/\/putinza.com\/web2\/wp-content\/uploads\/2021\/04\/450012018-300x150.jpg 300w, https:\/\/putinza.com\/web2\/wp-content\/uploads\/2021\/04\/450012018-768x384.jpg 768w, https:\/\/putinza.com\/web2\/wp-content\/uploads\/2021\/04\/450012018-370x185.jpg 370w, https:\/\/putinza.com\/web2\/wp-content\/uploads\/2021\/04\/450012018-600x300.jpg 600w, https:\/\/putinza.com\/web2\/wp-content\/uploads\/2021\/04\/450012018.jpg 1000w\" sizes=\"(max-width: 300px) 100vw, 300px\" \/><\/p>\n","protected":false},"excerpt":{"rendered":"<ul>\n<li>Gabinete negro de piso 32RU<\/li>\n<li>Puerta delantera vidrio y doble puerta trasera microperforada<\/li>\n<li>Alto: 1.50 mts<\/li>\n<li>Ancho: 60 cm<\/li>\n<li>Prof: 80 cm<\/li>\n<li>Peso: 80.65<\/li>\n<li>Cap de carga: 1000 kg<\/li>\n<\/ul>\n<p><a href=\"https:\/\/ltusaperu.com\/wp-content\/uploads\/2021\/11\/Catalogo-de-gabinetes-LT-USA.pdf\"><img decoding=\"async\" class=\"\" src=\"https:\/\/www.totalcleanlimpieza.com\/wp-content\/uploads\/2016\/02\/descargar-catalogo.png\" alt=\"Gabinete de pared \u2013 LT USA\" width=\"196\" height=\"79\" \/><\/a><\/p>\n","protected":false},"featured_media":5862,"comment_status":"open","ping_status":"closed","template":"","meta":[],"product_brand":[146],"product_cat":[127,99,15],"product_tag":[316,299,180,172,95,144,145],"class_list":{"0":"post-5152","1":"product","2":"type-product","3":"status-publish","4":"has-post-thumbnail","6":"product_brand-lt-usa","7":"product_cat-gabinete-de-piso","8":"product_cat-gabinetes","9":"product_cat-todaslascategorias","10":"product_tag-gabinete-32ru","11":"product_tag-gabinete-de-piso","12":"product_tag-gabinetes","13":"product_tag-networking","14":"product_tag-technologies","15":"product_tag-tecnologia","16":"product_tag-telecomunicaciones","18":"first","19":"instock","20":"taxable","21":"shipping-taxable","22":"purchasable","23":"product-type-simple","24":"col-xs-6 col-sm-4","25":"col-md-3 col-lg-3","26":"un-4-cols"},"_links":{"self":[{"href":"https:\/\/putinza.com\/web2\/wp-json\/wp\/v2\/product\/5152","targetHints":{"allow":["GET"]}}],"collection":[{"href":"https:\/\/putinza.com\/web2\/wp-json\/wp\/v2\/product"}],"about":[{"href":"https:\/\/putinza.com\/web2\/wp-json\/wp\/v2\/types\/product"}],"replies":[{"embeddable":true,"href":"https:\/\/putinza.com\/web2\/wp-json\/wp\/v2\/comments?post=5152"}],"wp:featuredmedia":[{"embeddable":true,"href":"https:\/\/putinza.com\/web2\/wp-json\/wp\/v2\/media\/5862"}],"wp:attachment":[{"href":"https:\/\/putinza.com\/web2\/wp-json\/wp\/v2\/media?parent=5152"}],"wp:term":[{"taxonomy":"product_brand","embeddable":true,"href":"https:\/\/putinza.com\/web2\/wp-json\/wp\/v2\/product_brand?post=5152"},{"taxonomy":"product_cat","embeddable":true,"href":"https:\/\/putinza.com\/web2\/wp-json\/wp\/v2\/product_cat?post=5152"},{"taxonomy":"product_tag","embeddable":true,"href":"https:\/\/putinza.com\/web2\/wp-json\/wp\/v2\/product_tag?post=5152"}],"curies":[{"name":"wp","href":"https:\/\/api.w.org\/{rel}","templated":true}]}}