{"id":5552,"date":"2022-06-06T17:47:57","date_gmt":"2022-06-06T17:47:57","guid":{"rendered":"https:\/\/ltusaperu.com\/?post_type=product&#038;p=5552"},"modified":"2022-09-06T17:05:54","modified_gmt":"2022-09-06T17:05:54","slug":"patch-cord-sftp-cat-6a-de-1m-azul-cobre-puro-de-26-awg-lszh-ltt-pc6a-1a","status":"publish","type":"product","link":"https:\/\/putinza.com\/web2\/product\/patch-cord-sftp-cat-6a-de-1m-azul-cobre-puro-de-26-awg-lszh-ltt-pc6a-1a\/","title":{"rendered":"Patch Cord SFTP Cat.6A de 1m- Azul.  Cobre Puro de 26 AWG  LSZH. LTT-PC6A-1A"},"content":{"rendered":"<p><strong>Los Patch cord LT USA Cat. 6A SFTP est\u00e1n espec\u00edficamente dise\u00f1ados y fabricados para ofrecer un s\u00f3lido rendimiento basado en est\u00e1ndares que garantiza un ancho de banda \u00f3ptimo para las aplicaciones de red de alta velocidad actuales. Empleando cobre libre de ox\u00edgeno con alta conductividad el\u00e9ctrica y baja atenuaci\u00f3n de la transmisi\u00f3n de la se\u00f1al. <\/strong><\/p>\n<p><strong>Los Patch cord LT USA Cat. 6A SFTP, proporciona soluciones de cableado de cobre rentables para centros de datos de grandes corporaciones, medianas y peque\u00f1as empresas; mediante aplicaciones en centros de datos, switches, servidores, computadoras, hubs, routers, DSL\/cable modems, patch panels en gabinetes u otros equipos.<\/strong><\/p>\n<ul>\n<li>Cables de conexi\u00f3n de alto rendimiento que superan los est\u00e1ndares de la industria.<\/li>\n<li>\n<div class=\"text_title\" data-v-773e32be=\"\">Conductores de cobre puro, menos p\u00e9rdida de se\u00f1al.<\/div>\n<\/li>\n<li>El cable SFTP minimiza las interferencias EMI (<em>interferencias electromagn\u00e9ticas<\/em>) y RFI (<em>interferencias de radiofrecuencia<\/em>).<\/li>\n<li>Est\u00e1ndar industrial LSZH (<span class=\"value\" data-v-32317232=\"\">Cero emisiones de gases hal\u00f3genos, retardantes a la llama y bajo humo)<\/span><\/li>\n<li>El cable de 26AWG y el dise\u00f1o de bota estrecha\u00a0 ocupan menos espacio que los cables de 23~24AWG.<\/li>\n<li>\n<div class=\"text_title\" data-v-773e32be=\"\">Cuerdas de 4 pares trenzados, interferencia antielectromagn\u00e9tica<\/div>\n<\/li>\n<li>Conectores RJ45, mismo dimensional del plug RJ-45 para evitar da\u00f1os en la conexi\u00f3n y proteger de la desconexi\u00f3n accidental en el sitio de trabajo.<\/li>\n<li>Supera los estandares TIA\/EIA 568B categor\u00eda 6A\u00a0 e ISO\/IEC 11801.<\/li>\n<li>Rendimiento probado con Fluke y cableado T568B.<\/li>\n<li>Soporta las aplicaciones actuales y futuras de la categor\u00eda 6a\/6\/5e<\/li>\n<\/ul>\n<h5>ESPECIFICACIONES<\/h5>\n<div class=\"item\" data-v-32317232=\"\">\n<ul>\n<li><span class=\"name\" data-v-32317232=\"\">Tipo de cable:\u00a0 \u00a0 \u00a0 \u00a0 \u00a0 \u00a0 \u00a0 \u00a0 \u00a0 \u00a0 \u00a0 \u00a0 \u00a0 \u00a0 \u00a0<\/span>Cat.6A\u00a0 delgado.<\/li>\n<li>Tipo de blindaje:\u00a0 \u00a0 \u00a0 \u00a0 \u00a0 \u00a0 \u00a0 \u00a0 \u00a0 \u00a0 \u00a0 \u00a0 \u00a0Blindado (SFTP)<\/li>\n<li class=\"item_name\"><span class=\"name\" data-v-32317232=\"\">Cubierta de cable:\u00a0 \u00a0 \u00a0 \u00a0 \u00a0 \u00a0 \u00a0 \u00a0 \u00a0 \u00a0 \u00a0 LSZH<\/span><span class=\"value\" data-v-32317232=\"\"> (low smoke Zero Halogen)<\/span><\/li>\n<li class=\"item_name\">Longitud:\u00a0 \u00a0 \u00a0 \u00a0 \u00a0 \u00a0 \u00a0 \u00a0 \u00a0 \u00a0 \u00a0 \u00a0 \u00a0 \u00a0 \u00a0 \u00a0 \u00a0 \u00a01 Metro.<\/li>\n<li class=\"item_name\">Material de conductor:\u00a0 \u00a0 \u00a0 \u00a0 \u00a0 \u00a0 \u00a0 \u00a0 <span class=\"value\" data-v-32317232=\"\">Cobre puro, libre de ox\u00edgeno<\/span><\/li>\n<li>\n<div class=\"item_name\" data-v-32317232=\"\"><span class=\"name\" data-v-32317232=\"\">Gauge (AWG):\u00a0 \u00a0 \u00a0 \u00a0 \u00a0 \u00a0 \u00a0 \u00a0 \u00a0 \u00a0 \u00a0 \u00a0 \u00a0 \u00a0 \u00a0<\/span><span class=\"value\" data-v-32317232=\"\">26<\/span><\/div>\n<\/li>\n<li class=\"item_name\">Tipo de conductor:\u00a0 \u00a0 \u00a0 \u00a0 \u00a0 \u00a0 \u00a0 \u00a0 \u00a0 \u00a0 \u00a0<span class=\"value\" data-v-32317232=\"\">Par trenzado<\/span><\/li>\n<li class=\"item_name\">Pares torcidos:\u00a0 \u00a0 \u00a0 \u00a0 \u00a0 \u00a0 \u00a0 \u00a0 \u00a0 \u00a0 \u00a0 \u00a0 \u00a0 \u00a0<span class=\"value\" data-v-32317232=\"\">4 pares<\/span><\/li>\n<li class=\"item_name\">Esquema:\u00a0 \u00a0 \u00a0 \u00a0 \u00a0 \u00a0 \u00a0 \u00a0 \u00a0 \u00a0 \u00a0 \u00a0 \u00a0 \u00a0 \u00a0 \u00a0 \u00a0 <span class=\"value\" data-v-32317232=\"\">T568B, <\/span><\/li>\n<li class=\"item_name\">Est\u00e1ndar:\u00a0 \u00a0 \u00a0 \u00a0 \u00a0 \u00a0 \u00a0 \u00a0 \u00a0 \u00a0 \u00a0 \u00a0 \u00a0 \u00a0 \u00a0 \u00a0 \u00a0 <span class=\"value\" data-v-32317232=\"\">ISO\/IEC 11801, TIA\/EIA -568B.<\/span><\/li>\n<li class=\"item_name\">Temperatura de funcionamiento: <span class=\"value\" data-v-32317232=\"\">-20 a +60\u00b0C (-4 a 140\u00b0F)<\/span><\/li>\n<li class=\"item_name\">Temperatura de instalaci\u00f3n:\u00a0 \u00a0 \u00a0 \u00a0 <span class=\"value\" data-v-32317232=\"\">-10 a +50\u00b0C (14 a 122\u00b0F)<\/span><\/li>\n<li class=\"item_name\">Humedad relativa:\u00a0 \u00a0 \u00a0 \u00a0 \u00a0 \u00a0 \u00a0 \u00a0 \u00a0 \u00a0 \u00a0 Hasta 93% , sin condensaci\u00f3n<\/li>\n<\/ul>\n<\/div>\n","protected":false},"excerpt":{"rendered":"<ul>\n<li><span class=\"name\" data-v-32317232=\"\">Tipo de cable:\u00a0 \u00a0 \u00a0 \u00a0 \u00a0 \u00a0 \u00a0 \u00a0 \u00a0 \u00a0 \u00a0 \u00a0 \u00a0 \u00a0 \u00a0<\/span>Cat.6A\u00a0 delgado.<\/li>\n<li class=\"item_name\">Material de conductor:\u00a0 \u00a0 \u00a0 \u00a0 \u00a0 \u00a0 \u00a0 \u00a0 <span class=\"value\" data-v-32317232=\"\">Cobre puro, libre de ox\u00edgeno<\/span><\/li>\n<li>Tipo de blindaje:\u00a0 \u00a0 \u00a0 \u00a0 \u00a0 \u00a0 \u00a0 \u00a0 \u00a0 \u00a0 \u00a0 \u00a0 \u00a0Blindado (SFTP)<\/li>\n<li class=\"item_name\"><span class=\"name\" data-v-32317232=\"\">Cubierta de cable:\u00a0 \u00a0 \u00a0 \u00a0 \u00a0 \u00a0 \u00a0 \u00a0 \u00a0 \u00a0 \u00a0 LSZH<\/span><span class=\"value\" data-v-32317232=\"\"> (low smoke Zero Halogen)<\/span><\/li>\n<li class=\"item_name\">Longitud:\u00a0 \u00a0 \u00a0 \u00a0 \u00a0 \u00a0 \u00a0 \u00a0 \u00a0 \u00a0 \u00a0 \u00a0 \u00a0 \u00a0 \u00a0 \u00a0 \u00a0 \u00a01 Metro.<\/li>\n<li><span class=\"name\" data-v-32317232=\"\">Gauge (AWG):\u00a0 \u00a0 \u00a0 \u00a0 \u00a0 \u00a0 \u00a0 \u00a0 \u00a0 \u00a0 \u00a0 \u00a0 \u00a0 \u00a0 \u00a0<\/span><span class=\"value\" data-v-32317232=\"\">26<\/span><\/li>\n<li>Est\u00e1ndar:\u00a0 \u00a0 \u00a0 \u00a0 \u00a0 \u00a0 \u00a0 \u00a0 \u00a0 \u00a0 \u00a0 \u00a0 \u00a0 \u00a0 \u00a0 \u00a0 \u00a0 <span class=\"value\" data-v-32317232=\"\">ISO\/IEC 11801, TIA\/EIA -568B.<\/span><\/li>\n<\/ul>\n","protected":false},"featured_media":5555,"comment_status":"open","ping_status":"closed","template":"","meta":[],"product_brand":[146],"product_cat":[143,291,15],"product_tag":[185,261,267,269,270,268,144,145],"class_list":{"0":"post-5552","1":"product","2":"type-product","3":"status-publish","4":"has-post-thumbnail","6":"product_brand-lt-usa","7":"product_cat-patch-cord-26-awg-lszh","8":"product_cat-patch-cord-sftp-cat6a","9":"product_cat-todaslascategorias","10":"product_tag-lt-usa","11":"product_tag-patch-cord","12":"product_tag-patch-cord-cat-6a","13":"product_tag-patch-cord-sftp","14":"product_tag-patch-cord-sftp-cat-6a","15":"product_tag-sfpt","16":"product_tag-tecnologia","17":"product_tag-telecomunicaciones","19":"first","20":"instock","21":"taxable","22":"shipping-taxable","23":"purchasable","24":"product-type-simple","25":"col-xs-6 col-sm-4","26":"col-md-3 col-lg-3","27":"un-4-cols"},"_links":{"self":[{"href":"https:\/\/putinza.com\/web2\/wp-json\/wp\/v2\/product\/5552","targetHints":{"allow":["GET"]}}],"collection":[{"href":"https:\/\/putinza.com\/web2\/wp-json\/wp\/v2\/product"}],"about":[{"href":"https:\/\/putinza.com\/web2\/wp-json\/wp\/v2\/types\/product"}],"replies":[{"embeddable":true,"href":"https:\/\/putinza.com\/web2\/wp-json\/wp\/v2\/comments?post=5552"}],"wp:featuredmedia":[{"embeddable":true,"href":"https:\/\/putinza.com\/web2\/wp-json\/wp\/v2\/media\/5555"}],"wp:attachment":[{"href":"https:\/\/putinza.com\/web2\/wp-json\/wp\/v2\/media?parent=5552"}],"wp:term":[{"taxonomy":"product_brand","embeddable":true,"href":"https:\/\/putinza.com\/web2\/wp-json\/wp\/v2\/product_brand?post=5552"},{"taxonomy":"product_cat","embeddable":true,"href":"https:\/\/putinza.com\/web2\/wp-json\/wp\/v2\/product_cat?post=5552"},{"taxonomy":"product_tag","embeddable":true,"href":"https:\/\/putinza.com\/web2\/wp-json\/wp\/v2\/product_tag?post=5552"}],"curies":[{"name":"wp","href":"https:\/\/api.w.org\/{rel}","templated":true}]}}