{"id":5841,"date":"2022-11-14T18:47:54","date_gmt":"2022-11-14T18:47:54","guid":{"rendered":"https:\/\/ltusaperu.com\/?post_type=product&#038;p=5841"},"modified":"2025-03-13T07:20:49","modified_gmt":"2025-03-13T07:20:49","slug":"caja-de-montaje-4x2-retardante-de-fuego-lt-241-fr","status":"publish","type":"product","link":"https:\/\/putinza.com\/web2\/product\/caja-de-montaje-4x2-retardante-de-fuego-lt-241-fr\/","title":{"rendered":"CAJA DE MONTAJE 4X2 RETARDANTE DE FUEGO LT-241-FR"},"content":{"rendered":"<p><b>La caja de montaje LT USA es una \u00f3ptima opci\u00f3n para instalar de puertos adicionales de voz, datos y v\u00eddeo.Compatible con placas frontales (face plates) de LT USA y diversas marcas.<br \/>\nPor su dise\u00f1o y fabricaci\u00f3n de pl\u00e1stico ABS r\u00edgido de alto impacto, provee m\u00e1xima protecci\u00f3n f\u00edsica a los componentes que en ella se albergan. <\/b><strong>De f\u00e1cil montaje y de dise\u00f1o est\u00e9tico para el hogar o oficina. Cuenta con acceso inferior para un cableado oculto y <\/strong><strong>acceso lateral para su canaleteado. <\/strong><\/p>\n<p><b>CARACTER\u00cdSTICAS<\/b><strong>\u00a0 :<\/strong><\/p>\n<ul>\n<li>Marca: LT USA<\/li>\n<li>Material pl\u00e1stico ABS r\u00edgido Retardante de fuego.<\/li>\n<li>Compatible con est\u00e1ndar UL94v-0.<\/li>\n<li>Resistente al impacto.<\/li>\n<li>Compatible con gama de placas de pared.<\/li>\n<li>Asegurable en cualquier superficie por su sistema de fijaci\u00f3n en pared.<\/li>\n<li>Adecuado para la canalizaci\u00f3n.<\/li>\n<li>Instalaci\u00f3n f\u00e1cil y r\u00e1pida.<\/li>\n<li>Color blanco.<\/li>\n<\/ul>\n","protected":false},"excerpt":{"rendered":"<ul>\n<li>Marca: LT USA<\/li>\n<li>Material pl\u00e1stico ABS r\u00edgido Retardante de fuego.<\/li>\n<li>Compatible con est\u00e1ndar UL94v-0.<\/li>\n<li>Resistente al impacto.<\/li>\n<li>Compatible con gama de placas de pared.<\/li>\n<li>Asegurable en cualquier superficie por su sistema de fijaci\u00f3n en pared.<\/li>\n<li>Adecuado para la canalizaci\u00f3n.<\/li>\n<li>Instalaci\u00f3n f\u00e1cil y r\u00e1pida.<\/li>\n<li>Color blanco.<\/li>\n<\/ul>\n","protected":false},"featured_media":5839,"comment_status":"open","ping_status":"closed","template":"","meta":[],"product_brand":[57],"product_cat":[293,15],"product_tag":[296,294,295,297],"class_list":{"0":"post-5841","1":"product","2":"type-product","3":"status-publish","4":"has-post-thumbnail","6":"product_brand-ide","7":"product_cat-conectividad-diverso","8":"product_cat-todaslascategorias","9":"product_tag-caja-4x2","10":"product_tag-caja-de-montaje","11":"product_tag-caja-modular","12":"product_tag-caja-universal","14":"first","15":"instock","16":"taxable","17":"shipping-taxable","18":"purchasable","19":"product-type-simple","20":"col-xs-6 col-sm-4","21":"col-md-3 col-lg-3","22":"un-4-cols"},"_links":{"self":[{"href":"https:\/\/putinza.com\/web2\/wp-json\/wp\/v2\/product\/5841","targetHints":{"allow":["GET"]}}],"collection":[{"href":"https:\/\/putinza.com\/web2\/wp-json\/wp\/v2\/product"}],"about":[{"href":"https:\/\/putinza.com\/web2\/wp-json\/wp\/v2\/types\/product"}],"replies":[{"embeddable":true,"href":"https:\/\/putinza.com\/web2\/wp-json\/wp\/v2\/comments?post=5841"}],"wp:featuredmedia":[{"embeddable":true,"href":"https:\/\/putinza.com\/web2\/wp-json\/wp\/v2\/media\/5839"}],"wp:attachment":[{"href":"https:\/\/putinza.com\/web2\/wp-json\/wp\/v2\/media?parent=5841"}],"wp:term":[{"taxonomy":"product_brand","embeddable":true,"href":"https:\/\/putinza.com\/web2\/wp-json\/wp\/v2\/product_brand?post=5841"},{"taxonomy":"product_cat","embeddable":true,"href":"https:\/\/putinza.com\/web2\/wp-json\/wp\/v2\/product_cat?post=5841"},{"taxonomy":"product_tag","embeddable":true,"href":"https:\/\/putinza.com\/web2\/wp-json\/wp\/v2\/product_tag?post=5841"}],"curies":[{"name":"wp","href":"https:\/\/api.w.org\/{rel}","templated":true}]}}