{"id":5882,"date":"2023-01-20T20:00:03","date_gmt":"2023-01-20T20:00:03","guid":{"rendered":"https:\/\/ltusaperu.com\/?post_type=product&#038;p=5882"},"modified":"2023-01-20T20:10:17","modified_gmt":"2023-01-20T20:10:17","slug":"cable-utp-cat5e-pvc-plomo-24-awg-x-305mtr-cobre-puro-lt-510","status":"publish","type":"product","link":"https:\/\/putinza.com\/web2\/product\/cable-utp-cat5e-pvc-plomo-24-awg-x-305mtr-cobre-puro-lt-510\/","title":{"rendered":"Cable UTP CAT5e PVC Plomo 24 AWG x 305Mtr COBRE PURO.  LT-510"},"content":{"rendered":"<p><strong>DESCRIPCI\u00d3N DEL PRODUCTO :<\/strong><\/p>\n<ul>\n<li><span class=\"JsGRdQ\">El Cable UTP categor\u00eda 5e LT USA asegura la calidad de transmisi\u00f3n de voz y datos a una velocidad de 1 Gbps. Con 4 pares de conductores de cobre s\u00f3lido calibre 24 AWG. Utilizado en redes de cableado estructurado para brindar ancho de banda a los distintos dispositivos de red. <\/span><\/li>\n<li><span class=\"JsGRdQ\">El Cable cat 5e de LT USA, cuenta con gran rendimiento y protecci\u00f3n, cumpliendo con los requerimientos especificados en la norma TIA-568-C.2 &amp; ISO\/IEC 11801 y certificaciones ETL, RoHS, CE e ISO9001.\u00a0<\/span><\/li>\n<\/ul>\n<p><strong>APLICACIONES :<\/strong><\/p>\n<ul>\n<li><span class=\"JsGRdQ\">Los cables son empleados para aplicaciones vigentes para CAT 5E, tales como 10 Base T, 100 Base TX, y 1000 Base TX.<\/span><\/li>\n<li>Voz, datos, seguridad, y aplicaciones de video vigilancia IP Megapixel.<\/li>\n<li>Redes Inal\u00e1mbricas.<\/li>\n<li>Instalaciones gigabits de voz \/ datos.<\/li>\n<li>Env\u00edo de POE a largas distancias.<\/li>\n<\/ul>\n<p><strong>ESPECIFICACIONES DEL CABLE<\/strong><\/p>\n<p>Categor\u00eda: U\/UTP CAT5e<\/p>\n<p>Aplicaci\u00f3n: Interior<\/p>\n<p>Medida: 305 \u00b1 1.5 m<\/p>\n<p><strong><em>Conductor\u00a0<\/em><\/strong><\/p>\n<ul>\n<li>Estructura:\u00a0 \u00a0 \u00a0 \u00a0 \u00a0 \u00a0 \u00a024 AWG<\/li>\n<li>Material:\u00a0 \u00a0 \u00a0 \u00a0 \u00a0 \u00a0 \u00a0 \u00a0 Cobre s\u00f3lido 100%<\/li>\n<li>Di\u00e1metro:\u00a0 \u00a0 \u00a0 \u00a0 \u00a0 \u00a0 \u00a0 \u00a00.49 \u00b1 0.005mm<\/li>\n<\/ul>\n<p><strong><em>Aislamiento del conductor\u00a0<\/em><\/strong><\/p>\n<ul>\n<li>Material:\u00a0 \u00a0 \u00a0 \u00a0 \u00a0 \u00a0 \u00a0 \u00a0 \u00a0HDPE<\/li>\n<li>Di\u00e1metro:\u00a0 \u00a0 \u00a0 \u00a0 \u00a0 \u00a0 \u00a0 \u00a00.86 \u00b1 0.05 mm<\/li>\n<li>N\u00famero de pares:\u00a0 \u00a0 4<\/li>\n<\/ul>\n<p><em><strong>Cubierta<\/strong><\/em><\/p>\n<ul>\n<li>Material:\u00a0 \u00a0 \u00a0 \u00a0 \u00a0 \u00a0 \u00a0 \u00a0 PVC (RoHS)<\/li>\n<li>Di\u00e1metro:\u00a0 \u00a0 \u00a0 \u00a0 \u00a0 \u00a0 \u00a0 4.9 \u00b1 0.4 mm<\/li>\n<li>Espesor:\u00a0 \u00a0 \u00a0 \u00a0 \u00a0 \u00a0 \u00a0 \u00a0 0.50 \u00b1 0.05 mm<\/li>\n<li>Color:\u00a0 \u00a0 \u00a0 \u00a0 \u00a0 \u00a0 \u00a0 \u00a0 \u00a0 \u00a0Gris<\/li>\n<\/ul>\n<p><strong>ESPECIFICACIONES EL\u00c9CTRICAS :<\/strong><\/p>\n<ul>\n<li>Resistencia del conductor:\u00a0 \u00a0 \u00a0 \u00a0 \u00a0 \u00a0 \u00a0 \u00a0 \u00a0 \u00a0 \u00a0 \u00a0\u2264 11.0 \u03a9\/100 m 20\u00b0C Max.<\/li>\n<li>Delay Skew:\u00a0 \u00a0 \u00a0 \u00a0 \u00a0 \u00a0 \u00a0 \u00a0 \u00a0 \u00a0 \u00a0 \u00a0 \u00a0 \u00a0 \u00a0 \u00a0 \u00a0 \u00a0 \u00a0 \u00a0 \u00a0 \u00a0 \u00a0 \u2264 45 ns\/100 m<\/li>\n<li>Velocidad Nominal de Propagaci\u00f3n NVP:\u00a0 \u00a069%<\/li>\n<li>Capacitancia:\u00a0 \u00a0 \u00a0 \u00a0 \u00a0 \u00a0 \u00a0 \u00a0 \u00a0 \u00a0 \u00a0 \u00a0 \u00a0 \u00a0 \u00a0 \u00a0 \u00a0 \u00a0 \u00a0 \u00a0 \u00a0 \u00a0 \u00a0\u2264 5,6 nf\/100 m<\/li>\n<li>Desequilibrio de resistencia DC:\u00a0 \u00a0 \u00a0 \u00a0 \u00a0 \u00a0 \u00a0 \u00a0\u2264 5%<\/li>\n<\/ul>\n<p><strong>ESPECIFICACIONES MEC\u00c1NICAS:<\/strong><\/p>\n<ul>\n<li>Before Aging Tensile Strength (Mpa):\u00a0 \u00a0 \u00a0 \u00a0\u226513.5<\/li>\n<li>Before Aging Elongation (%):\u00a0 \u00a0 \u00a0 \u00a0 \u00a0 \u00a0 \u00a0 \u00a0 \u00a0 \u00a0 \u2265150<\/li>\n<li>Aging Period (\u2103\u00d7hrs):\u00a0 \u00a0 \u00a0 \u00a0 \u00a0 \u00a0 \u00a0 \u00a0 \u00a0 \u00a0 \u00a0 \u00a0 \u00a0 \u00a0 \u00a0 100\u2103\u00d724h\u00d77d<\/li>\n<li>After Aging Tensile Strength (Mpa):\u00a0 \u00a0 \u00a0 \u00a0 \u00a0\u226512.5<\/li>\n<li>After Aging Elongatio (%):\u00a0 \u00a0 \u00a0 \u00a0 \u00a0 \u00a0 \u00a0 \u00a0 \u00a0 \u00a0 \u00a0 \u00a0 \u2265125<\/li>\n<li>Cold Bend (-20\u00b12\u2103\u00d74h):\u00a0 \u00a0 \u00a0 \u00a0 \u00a0 \u00a0 \u00a0 \u00a0 \u00a0 \u00a0 \u00a0 \u00a0 8 \u00d7 Cable O.D., No Visible Cracks<\/li>\n<li><\/li>\n<\/ul>\n<p><strong>AISLAMIENTO DE CADA CONDUCTOR :<\/strong><\/p>\n<ul>\n<li>Par #1:\u00a0<span class=\"JsGRdQ\">Azul &amp; Azul\/ Blanco<\/span><\/li>\n<li>Par #2:\u00a0<span class=\"JsGRdQ\">Anaranjado &amp; Anaranjado \/ Blanco<\/span><\/li>\n<li>Par #3:\u00a0<span class=\"JsGRdQ\">Verde &amp; Verde \/ Blanco<\/span><\/li>\n<li>Par #4:\u00a0<span class=\"JsGRdQ\">Marr\u00f3n &amp; Marr\u00f3n \/ Blanco<\/span><\/li>\n<\/ul>\n<p><strong>NORMA:<\/strong><\/p>\n<p>ISO\/IEC11801\u3001TIA-568-C.2<\/p>\n<p><strong>CERTIFICACI\u00d3N:<\/strong><\/p>\n<p>ETL. CE. RoSH, ISO9001<\/p>\n<p>&nbsp;<\/p>\n<p><img decoding=\"async\" class=\"alignnone wp-image-4672\" src=\"https:\/\/ltusaperu.com\/wp-content\/uploads\/2021\/03\/etl.png\" alt=\"\" width=\"89\" height=\"84\" \/>\u00a0 \u00a0<img decoding=\"async\" class=\"\" src=\"https:\/\/img-en.fs.com\/includes\/templates\/fiberstore\/images\/authentication_icon\/ctn_tip_trigger.icon_04.svg\" width=\"98\" height=\"70\" \/> \u00a0<img decoding=\"async\" class=\"alignnone wp-image-4757\" src=\"https:\/\/ltusaperu.com\/wp-content\/uploads\/2021\/03\/iso-9002.png\" alt=\"\" width=\"102\" height=\"103\" srcset=\"https:\/\/putinza.com\/web2\/wp-content\/uploads\/2021\/03\/iso-9002.png 123w, https:\/\/putinza.com\/web2\/wp-content\/uploads\/2021\/03\/iso-9002-100x100.png 100w\" sizes=\"(max-width: 102px) 100vw, 102px\" \/> \u00a0<img loading=\"lazy\" decoding=\"async\" class=\"alignnone size-full wp-image-4532\" src=\"https:\/\/ltusaperu.com\/wp-content\/uploads\/2021\/03\/rosh-1.png\" alt=\"\" width=\"149\" height=\"70\" \/><\/p>\n","protected":false},"excerpt":{"rendered":"<p>Categor\u00eda: U\/UTP CAT5e<\/p>\n<p>Aplicaci\u00f3n: Interior<\/p>\n<p>Estructura: 24 AWG<\/p>\n<p>Material: Cobre s\u00f3lido 100%<\/p>\n<p>Chauqeta: PVC (RoHS)<\/p>\n<p>Medida: 305 \u00b1 1.5 m<\/p>\n<p>Color: gris<\/p>\n<p>Certificado:\u00a0 ETL verified to ANSI-TIA\/EIA-568.2-D and ISO11801<\/p>\n","protected":false},"featured_media":5883,"comment_status":"open","ping_status":"closed","template":"","meta":[],"product_brand":[146],"product_cat":[79,118,15],"product_tag":[300,302,301,303,286,192],"class_list":{"0":"post-5882","1":"product","2":"type-product","3":"status-publish","4":"has-post-thumbnail","6":"product_brand-lt-usa","7":"product_cat-cables-utp","8":"product_cat-cat-5e-cobre","9":"product_cat-todaslascategorias","10":"product_tag-cable-uto","11":"product_tag-cable-utp-cat5e","12":"product_tag-cat5e","13":"product_tag-cat5e-cobre","14":"product_tag-utp","15":"product_tag-utp-cat5e","17":"first","18":"instock","19":"taxable","20":"shipping-taxable","21":"purchasable","22":"product-type-simple","23":"col-xs-6 col-sm-4","24":"col-md-3 col-lg-3","25":"un-4-cols"},"_links":{"self":[{"href":"https:\/\/putinza.com\/web2\/wp-json\/wp\/v2\/product\/5882","targetHints":{"allow":["GET"]}}],"collection":[{"href":"https:\/\/putinza.com\/web2\/wp-json\/wp\/v2\/product"}],"about":[{"href":"https:\/\/putinza.com\/web2\/wp-json\/wp\/v2\/types\/product"}],"replies":[{"embeddable":true,"href":"https:\/\/putinza.com\/web2\/wp-json\/wp\/v2\/comments?post=5882"}],"wp:featuredmedia":[{"embeddable":true,"href":"https:\/\/putinza.com\/web2\/wp-json\/wp\/v2\/media\/5883"}],"wp:attachment":[{"href":"https:\/\/putinza.com\/web2\/wp-json\/wp\/v2\/media?parent=5882"}],"wp:term":[{"taxonomy":"product_brand","embeddable":true,"href":"https:\/\/putinza.com\/web2\/wp-json\/wp\/v2\/product_brand?post=5882"},{"taxonomy":"product_cat","embeddable":true,"href":"https:\/\/putinza.com\/web2\/wp-json\/wp\/v2\/product_cat?post=5882"},{"taxonomy":"product_tag","embeddable":true,"href":"https:\/\/putinza.com\/web2\/wp-json\/wp\/v2\/product_tag?post=5882"}],"curies":[{"name":"wp","href":"https:\/\/api.w.org\/{rel}","templated":true}]}}